{"id":384,"date":"2016-06-11T14:39:06","date_gmt":"2016-06-11T11:39:06","guid":{"rendered":"http:\/\/alhudainfotech.com\/?page_id=384"},"modified":"2016-06-11T14:44:19","modified_gmt":"2016-06-11T11:44:19","slug":"mp3-kuran","status":"publish","type":"page","link":"https:\/\/alhudainfotech.com\/?page_id=384&lang=tr","title":{"rendered":"MP3 Kuran"},"content":{"rendered":"<h3><span id=\"result_box\" class=\"\" lang=\"tr\">&#8211; \u00c7oklu dil 19 dil ve boyut olarak \u0131\u015f\u0131k tarama ve k\u00fc\u00e7\u00fck i\u00e7in terc\u00fcme ve t\u00fcm ekranlar\u0131 destekler<br \/>\n&#8211; Reciters bir s\u00fcr\u00fc i\u00e7erir<br \/>\n&#8211; Bir sayfadaki t\u00fcm reciters g\u00f6r\u00fcnt\u00fcle<br \/>\n&#8211; Alfabetik g\u00f6r\u00fcnt\u00fcleme okuyucular\u0131<br \/>\n&#8211; Rewaya g\u00f6re g\u00f6r\u00fcnt\u00fcleme okuyucular\u0131 ve Kuran kopyalar\u0131n\u0131<br \/>\n&#8211; <span id=\"result_box\" class=\"\" lang=\"tr\">Y\u00fckleme<\/span> yetene\u011fi ile do\u011frudan dosya sesini duyun<\/span><\/h3>\n<h3><\/h3>\n<h3 style=\"text-align: center;\"><span class=\"\" lang=\"tr\"><a href=\"https:\/\/alhudainfotech.com\/mp3quran\/index.php?data=reciters&amp;language=turkey\" target=\"_blank\">MP3 Kuran<\/a><\/span><\/h3>\n<p>&nbsp;<\/p>\n","protected":false},"excerpt":{"rendered":"<div class=\"mh-excerpt\"><p>&#8211; \u00c7oklu dil 19 dil ve boyut olarak \u0131\u015f\u0131k tarama ve k\u00fc\u00e7\u00fck i\u00e7in terc\u00fcme ve t\u00fcm ekranlar\u0131 destekler &#8211; Reciters bir s\u00fcr\u00fc i\u00e7erir &#8211; Bir <a class=\"mh-excerpt-more\" href=\"https:\/\/alhudainfotech.com\/?page_id=384&#038;lang=tr\" title=\"MP3 Kuran\">[&#8230;]<\/a><\/p>\n<\/div>","protected":false},"author":1,"featured_media":0,"parent":0,"menu_order":0,"comment_status":"closed","ping_status":"closed","template":"","meta":{"footnotes":""},"class_list":["post-384","page","type-page","status-publish","hentry"],"_links":{"self":[{"href":"https:\/\/alhudainfotech.com\/index.php?rest_route=\/wp\/v2\/pages\/384","targetHints":{"allow":["GET"]}}],"collection":[{"href":"https:\/\/alhudainfotech.com\/index.php?rest_route=\/wp\/v2\/pages"}],"about":[{"href":"https:\/\/alhudainfotech.com\/index.php?rest_route=\/wp\/v2\/types\/page"}],"author":[{"embeddable":true,"href":"https:\/\/alhudainfotech.com\/index.php?rest_route=\/wp\/v2\/users\/1"}],"replies":[{"embeddable":true,"href":"https:\/\/alhudainfotech.com\/index.php?rest_route=%2Fwp%2Fv2%2Fcomments&post=384"}],"version-history":[{"count":2,"href":"https:\/\/alhudainfotech.com\/index.php?rest_route=\/wp\/v2\/pages\/384\/revisions"}],"predecessor-version":[{"id":388,"href":"https:\/\/alhudainfotech.com\/index.php?rest_route=\/wp\/v2\/pages\/384\/revisions\/388"}],"wp:attachment":[{"href":"https:\/\/alhudainfotech.com\/index.php?rest_route=%2Fwp%2Fv2%2Fmedia&parent=384"}],"curies":[{"name":"wp","href":"https:\/\/api.w.org\/{rel}","templated":true}]}}