{"id":409,"date":"2016-06-12T04:43:43","date_gmt":"2016-06-12T01:43:43","guid":{"rendered":"http:\/\/alhudainfotech.com\/?page_id=409"},"modified":"2016-06-12T04:43:43","modified_gmt":"2016-06-12T01:43:43","slug":"herkes-icin-kuran","status":"publish","type":"page","link":"https:\/\/alhudainfotech.com\/?page_id=409&lang=tr","title":{"rendered":"Herkes i\u00e7in Kur&#8217;an"},"content":{"rendered":"<h3><span id=\"result_box\" class=\"\" lang=\"tr\"><span title=\"\u2022 Multi-lingual and has a 40 translation of the Qur'an, with the possibility to listen to some translations\n\">\u2022 \u00c7ok dilli ve baz\u0131 \u00e7eviriler dinlemek i\u00e7in imkan\u0131 ile Kuran 40 \u00e7evirisini vard\u0131r<br \/>\n<\/span><span title=\"\u2022 five interpretations of the Qur'an (Ibn Katheer - Jalalain - Tabari - Qurtubi - Saadi)\n\">\u2022 Kuran&#8217;da (\u0130bn Katheer Sonun &#8211; Celaleyn &#8211; Taberi &#8211; Kurtubi &#8211; Saadi) be\u015f yorumlar\u0131n<br \/>\n<\/span><span title=\"\u2022 Ability to hear the voice of the Qur'an more than 37 reciters\n\">\u2022 Kur&#8217;an fazla 37 reciters sesini duymak yetene\u011fi<br \/>\n<\/span><span title=\"\u2022 Ability to listen to the verses each one alone\n\">\u2022 Yetenek yaln\u0131z her biri ayetlerin dinlemek i\u00e7in<br \/>\n<\/span><span title=\"\u2022 the possibility of movement between the fence and the verses easily\n\">\u2022 \u00e7it ve kolayca ayetlerin aras\u0131nda hareket imkan\u0131<br \/>\n<\/span><span title=\"\u2022 light browsing and is compatible with all screens with the possibility of browsing from Mobile Phone and tablet easily\n\">\u2022 I\u015f\u0131k tarama ve kolayca Cep Telefonu ve tabletten tarama imkan\u0131 ile t\u00fcm ekranlar ile uyumludur<br \/>\n<\/span><span title=\"\u2022 the possibility to download and save interpretation\n\">\u2022 olas\u0131l\u0131k indirmek ve yorumunu kaydetmek i\u00e7in<br \/>\n<\/span><span title=\"\u2022 the ability to print text\n\">\u2022 metin yazd\u0131rmak i\u00e7in yetene\u011fi<br \/>\n<\/span><span title=\"\u2022 Contains books for each language\n\">\u2022 Her dil i\u00e7in kitap i\u00e7erir<br \/>\n<\/span><span title=\"\u2022 the ability to share pages on social networking sites\n\n\"><span title=\"\u2022 Contains books for each language\n\">\u2022 <\/span>sosyal a\u011f sitelerinde sayfalar\u0131 payla\u015fma olana\u011f\u0131<br \/>\n<\/span><\/span><\/h3>\n<h3><\/h3>\n<h3 style=\"text-align: center;\"><a href=\"http:\/\/www.alhudainfotech.com\/quran_v2\/language-tr.html\" target=\"_blank\">Herkes i\u00e7in Kur&#8217;an: [ikinci versiyonu] t\u00fcm ekranlar ile \u00e7al\u0131\u015f\u0131r<\/a><\/h3>\n<h3 style=\"text-align: center;\"><a href=\"http:\/\/www.alhudainfotech.com\/quran\/language-6.html\" target=\"_blank\">Herkes i\u00e7in Kur&#8217;an: [ilk s\u00fcr\u00fcm\u00fc]<\/a><\/h3>\n<h3 style=\"text-align: center;\"><a href=\"https:\/\/alhudainfotech.com\/quran\/mobile\/translate.php?l=6\" target=\"_blank\">Herkes i\u00e7in Kur&#8217;an: [ilk versiyonu] ceplerde<\/a><\/h3>\n","protected":false},"excerpt":{"rendered":"<div class=\"mh-excerpt\"><p>\u2022 \u00c7ok dilli ve baz\u0131 \u00e7eviriler dinlemek i\u00e7in imkan\u0131 ile Kuran 40 \u00e7evirisini vard\u0131r \u2022 Kuran&#8217;da (\u0130bn Katheer Sonun &#8211; Celaleyn &#8211; Taberi &#8211; Kurtubi <a class=\"mh-excerpt-more\" href=\"https:\/\/alhudainfotech.com\/?page_id=409&#038;lang=tr\" title=\"Herkes i\u00e7in Kur&#8217;an\">[&#8230;]<\/a><\/p>\n<\/div>","protected":false},"author":1,"featured_media":0,"parent":0,"menu_order":0,"comment_status":"closed","ping_status":"closed","template":"","meta":{"footnotes":""},"class_list":["post-409","page","type-page","status-publish","hentry"],"_links":{"self":[{"href":"https:\/\/alhudainfotech.com\/index.php?rest_route=\/wp\/v2\/pages\/409","targetHints":{"allow":["GET"]}}],"collection":[{"href":"https:\/\/alhudainfotech.com\/index.php?rest_route=\/wp\/v2\/pages"}],"about":[{"href":"https:\/\/alhudainfotech.com\/index.php?rest_route=\/wp\/v2\/types\/page"}],"author":[{"embeddable":true,"href":"https:\/\/alhudainfotech.com\/index.php?rest_route=\/wp\/v2\/users\/1"}],"replies":[{"embeddable":true,"href":"https:\/\/alhudainfotech.com\/index.php?rest_route=%2Fwp%2Fv2%2Fcomments&post=409"}],"version-history":[{"count":1,"href":"https:\/\/alhudainfotech.com\/index.php?rest_route=\/wp\/v2\/pages\/409\/revisions"}],"predecessor-version":[{"id":410,"href":"https:\/\/alhudainfotech.com\/index.php?rest_route=\/wp\/v2\/pages\/409\/revisions\/410"}],"wp:attachment":[{"href":"https:\/\/alhudainfotech.com\/index.php?rest_route=%2Fwp%2Fv2%2Fmedia&parent=409"}],"curies":[{"name":"wp","href":"https:\/\/api.w.org\/{rel}","templated":true}]}}